{"id":11,"date":"2021-12-14T15:37:01","date_gmt":"2021-12-14T15:37:01","guid":{"rendered":"https:\/\/impreza30.us-themes.com\/?page_id=11"},"modified":"2024-08-29T17:22:44","modified_gmt":"2024-08-29T17:22:44","slug":"impreza-church","status":"publish","type":"page","link":"https:\/\/stne.com.br\/posaconselhamento\/","title":{"rendered":"P\u00f3s-Gradua\u00e7\u00e3o em Teologia Pastoral &#8211; Aconselhamento &#8211; Semin\u00e1rio Teol\u00f3gico do Nordeste"},"content":{"rendered":"<section class=\"l-section wpb_row height_custom full_height valign_center color_primary with_img\" id=\"inicio\"><div class=\"l-section-img\" style=\"background-image: url(https:\/\/stne.com.br\/posaconselhamento\/wp-content\/uploads\/2024\/02\/bgaconselhamento.jpg);\" data-img-width=\"1920\" data-img-height=\"1280\"><\/div><div class=\"l-section-overlay\" style=\"background:rgba(40,56,38,0.65)\"><\/div><div class=\"l-section-h i-cf\"><div class=\"g-cols vc_row via_grid cols_1 laptops-cols_inherit tablets-cols_inherit mobiles-cols_1 valign_bottom type_default stacking_default\"><div class=\"wpb_column vc_column_container\"><div class=\"vc_column-inner\"><div class=\"wpb_text_column\"><div class=\"wpb_wrapper\"><h2 style=\"text-align: center;\"><span style=\"color: #f57a20;\">P\u00f3s-Gradua\u00e7\u00e3o em<\/span> <span style=\"color: #ffffff;\">Teologia Pastoral &#8211; Aconselhamento<\/span><\/h2>\n<\/div><\/div><\/div><\/div><\/div><\/div><\/section><section class=\"l-section wpb_row height_auto\"><div class=\"l-section-h i-cf\"><div class=\"g-cols vc_row via_grid cols_1 laptops-cols_inherit tablets-cols_inherit mobiles-cols_1 valign_top type_default stacking_default\"><div class=\"wpb_column vc_column_container us_custom_8318adb6 has_text_color has_bg_color\"><div class=\"vc_column-inner\"><div class=\"w-iconbox us_custom_c2f20314 iconpos_top style_circle color_custom align_center no_title no_text\"><div class=\"w-iconbox-icon\" style=\"font-size:2rem;background:#f57a20;color:var(--color-content-bg-alt);\"><i class=\"fas fa-pray\"><\/i><\/div><div class=\"w-iconbox-meta\"><\/div><\/div><div class=\"wpb_text_column us_custom_2acb69ba\"><div class=\"wpb_wrapper\"><p style=\"text-align: center;\">&#8220;<em>Mas, seguindo a verdade em amor, cres\u00e7amos em tudo naquele que \u00e9 a cabe\u00e7a, Cristo&#8221;<\/em> Ef\u00e9sios 4:15<\/p>\n<\/div><\/div><\/div><\/div><\/div><\/div><\/section><section class=\"l-section wpb_row height_small\"><div class=\"l-section-overlay\" style=\"background:#ffffff\"><\/div><div class=\"l-section-h i-cf\"><div class=\"g-cols vc_row via_grid cols_1 laptops-cols_inherit tablets-cols_inherit mobiles-cols_1 valign_top type_default stacking_default\"><div class=\"wpb_column vc_column_container\"><div class=\"vc_column-inner\"><div class=\"wpb_text_column\"><div class=\"wpb_wrapper\"><p style=\"text-align: center;\">A P\u00f3s-gradua\u00e7\u00e3o em Teologia Pastoral &#8211; Aconselhamento se trata de curso livre, sem o reconhecimento do MEC, n\u00e3o podendo ser aproveitado para fins de gradua\u00e7\u00e3o em institui\u00e7\u00f5es reconhecidas pelo MEC.<\/p>\n<\/div><\/div><\/div><\/div><\/div><\/div><\/section><section class=\"l-section wpb_row height_small\"><div class=\"l-section-h i-cf\"><div class=\"g-cols vc_row via_grid cols_1 laptops-cols_inherit tablets-cols_inherit mobiles-cols_1 valign_top type_default stacking_default\"><div class=\"wpb_column vc_column_container\"><div class=\"vc_column-inner\"><div class=\"w-separator size_medium\"><\/div><\/div><\/div><\/div><\/div><\/section><section class=\"l-section wpb_row us_custom_eb6b563a height_auto\" id=\"curso\"><div class=\"l-section-h i-cf\"><div class=\"g-cols vc_row via_grid cols_2 laptops-cols_inherit tablets-cols_1 mobiles-cols_1 valign_middle type_default stacking_default\" style=\"grid-gap:0rem;\"><div class=\"wpb_column vc_column_container us_custom_6c21c073 us_animate_this stretched\"><div class=\"vc_column-inner\"><div class=\"w-image us_custom_b1d3ef38 align_none\"><div class=\"w-image-h\"><img loading=\"lazy\" decoding=\"async\" width=\"1167\" height=\"1000\" src=\"https:\/\/stne.com.br\/posaconselhamento\/wp-content\/uploads\/2023\/02\/posaconselhamento.jpg\" class=\"attachment-full size-full\" alt=\"\" srcset=\"https:\/\/stne.com.br\/posaconselhamento\/wp-content\/uploads\/2023\/02\/posaconselhamento.jpg 1167w, https:\/\/stne.com.br\/posaconselhamento\/wp-content\/uploads\/2023\/02\/posaconselhamento-300x257.jpg 300w, https:\/\/stne.com.br\/posaconselhamento\/wp-content\/uploads\/2023\/02\/posaconselhamento-1024x877.jpg 1024w\" sizes=\"auto, (max-width: 1167px) 100vw, 1167px\" \/><\/div><\/div><\/div><\/div><div class=\"wpb_column vc_column_container us_custom_66935fbd us_animate_this\" id=\"curso\"><div class=\"vc_column-inner\"><h1 class=\"w-text us_custom_f8cb5c8e has_text_color\"><span class=\"w-text-h\"><span class=\"w-text-value\">Por que fazer a P\u00f3s?<\/span><\/span><\/h1><div class=\"wpb_text_column us_custom_c3145f75\"><div class=\"wpb_wrapper\"><p>Esse curso visa <strong>fornecer ferramentas para equipar os participantes<\/strong>, bem como estimular a todos a que desenvolvam suas tarefas vocacionais, sempre<strong> buscando excel\u00eancia no servi\u00e7o prestado a Deus e ao pr\u00f3ximo<\/strong>, tudo segundo os padr\u00f5es espirituais, morais e \u00e9ticos do Reino de Deus.<\/p>\n<\/div><\/div><div class=\"w-separator size_custom\" style=\"height:40px\"><\/div><\/div><\/div><\/div><\/div><\/section><section class=\"l-section wpb_row us_custom_eb6b563a height_auto\"><div class=\"l-section-h i-cf\"><div class=\"g-cols vc_row via_grid cols_2 laptops-cols_inherit tablets-cols_1 mobiles-cols_1 valign_middle type_default stacking_default\" style=\"grid-gap:0rem;\"><div class=\"wpb_column vc_column_container us_custom_6c21c073 us_animate_this stretched\"><div class=\"vc_column-inner\"><div class=\"w-image us_custom_b1d3ef38 align_none\"><div class=\"w-image-h\"><img loading=\"lazy\" decoding=\"async\" width=\"1167\" height=\"1000\" src=\"https:\/\/stne.com.br\/posaconselhamento\/wp-content\/uploads\/2023\/02\/posaconselhamento2.jpg\" class=\"attachment-full size-full\" alt=\"\" srcset=\"https:\/\/stne.com.br\/posaconselhamento\/wp-content\/uploads\/2023\/02\/posaconselhamento2.jpg 1167w, https:\/\/stne.com.br\/posaconselhamento\/wp-content\/uploads\/2023\/02\/posaconselhamento2-300x257.jpg 300w, https:\/\/stne.com.br\/posaconselhamento\/wp-content\/uploads\/2023\/02\/posaconselhamento2-1024x877.jpg 1024w\" sizes=\"auto, (max-width: 1167px) 100vw, 1167px\" \/><\/div><\/div><\/div><\/div><div class=\"wpb_column vc_column_container us_custom_66935fbd us_animate_this\"><div class=\"vc_column-inner\"><h1 class=\"w-text us_custom_f8cb5c8e has_text_color\"><span class=\"w-text-h\"><span class=\"w-text-value\">Quem pode fazer?<\/span><\/span><\/h1><div class=\"wpb_text_column us_custom_c3145f75\"><div class=\"wpb_wrapper\"><p>Membro de qualquer igreja, presbit\u00e9rio, s\u00ednodo, ou ainda institui\u00e7\u00e3o de igrejas, que estejam em plena comunh\u00e3o com a mesma, apresentando para isso carta de comprova\u00e7\u00e3o da atual condi\u00e7\u00e3o expedida pelo conc\u00edlio a que se encontra diretamente vinculado. Deve ainda ser portador de diploma de curso superior devidamente comprovado, apresentando ambos os documentos no ato da inscri\u00e7\u00e3o.<\/p>\n<p><strong>IMPORTANTE:<\/strong><br \/>\n<em>Se voc\u00ea n\u00e3o possui uma forma\u00e7\u00e3o superior, mas deseja tamb\u00e9m realizar esse curso, h\u00e1 a possibilidade de ao concluir todos os m\u00f3dulos receber uma certifica\u00e7\u00e3o de Estudos em Aconselhamento B\u00edblico.<\/em><br \/>\n<em>Tamb\u00e9m h\u00e1 a op\u00e7\u00e3o de cursar os m\u00f3dulos individualmente e receber a certifica\u00e7\u00e3o\u00a0respectiva.<\/em><\/p>\n<\/div><\/div><div class=\"w-separator size_custom\" style=\"height:40px\"><\/div><\/div><\/div><\/div><\/div><\/section><section class=\"l-section wpb_row height_auto color_primary\" id=\"informacoes\"><div class=\"l-section-overlay\" style=\"background:#283928\"><\/div><div class=\"l-section-h i-cf\"><div class=\"g-cols vc_row via_grid cols_1 laptops-cols_inherit tablets-cols_inherit mobiles-cols_1 valign_top type_default stacking_default\"><div class=\"wpb_column vc_column_container\"><div class=\"vc_column-inner\"><div class=\"w-separator size_small\"><\/div><div class=\"g-cols wpb_row via_grid cols_4 laptops-cols_inherit tablets-cols_inherit mobiles-cols_1 valign_top type_default stacking_default\"><div class=\"wpb_column vc_column_container\"><div class=\"vc_column-inner\"><div class=\"aio-icon-component    style_1\"><div id=\"Info-box-wrap-1055\" class=\"aio-icon-box top-icon\" style=\"\"  ><div class=\"aio-icon-top\"><div class=\"ult-just-icon-wrapper  \"><div class=\"align-icon\" style=\"text-align:center;\">\n<div class=\"aio-icon circle \"  style=\"color:#ffffff;background:#f57a20;font-size:30px;display:inline-block;\">\n\t<i class=\"Defaults-clock-o\"><\/i>\n<\/div><\/div><\/div><\/div><div class=\"aio-icon-header\" ><h4 class=\"aio-icon-title ult-responsive\"  data-ultimate-target='#Info-box-wrap-1055 .aio-icon-title'  data-responsive-json-new='{\"font-size\":\"\",\"line-height\":\"\"}'  style=\"\">Dura\u00e7\u00e3o<\/h4><\/div> <!-- header --><div class=\"aio-icon-description ult-responsive\"  data-ultimate-target='#Info-box-wrap-1055 .aio-icon-description'  data-responsive-json-new='{\"font-size\":\"\",\"line-height\":\"\"}'  style=\"\">\n<p style=\"text-align: center;\">11 M\u00f3dulos<\/p>\n<\/div> <!-- description --><\/div> <!-- aio-icon-box --><\/div> <!-- aio-icon-component --><\/div><\/div><div class=\"wpb_column vc_column_container\"><div class=\"vc_column-inner\"><div class=\"aio-icon-component    style_1\"><div id=\"Info-box-wrap-5837\" class=\"aio-icon-box top-icon\" style=\"\"  ><div class=\"aio-icon-top\"><div class=\"ult-just-icon-wrapper  \"><div class=\"align-icon\" style=\"text-align:center;\">\n<div class=\"aio-icon circle \"  style=\"color:#ffffff;background:#f57a20;font-size:30px;display:inline-block;\">\n\t<i class=\"Defaults-dollar usd\"><\/i>\n<\/div><\/div><\/div><\/div><div class=\"aio-icon-header\" ><h4 class=\"aio-icon-title ult-responsive\"  data-ultimate-target='#Info-box-wrap-5837 .aio-icon-title'  data-responsive-json-new='{\"font-size\":\"\",\"line-height\":\"\"}'  style=\"\">Investimento<\/h4><\/div> <!-- header --><div class=\"aio-icon-description ult-responsive\"  data-ultimate-target='#Info-box-wrap-5837 .aio-icon-description'  data-responsive-json-new='{\"font-size\":\"\",\"line-height\":\"\"}'  style=\"\">\n<p style=\"text-align: center;\"><strong>Matr\u00edcula:<\/strong> R$200,00 (Taxa \u00fanica para todo o curso)<br \/>\n<strong>M\u00f3dulo:<\/strong> R$250,00 (Valor por m\u00f3dulo cursado)<\/p>\n<\/div> <!-- description --><\/div> <!-- aio-icon-box --><\/div> <!-- aio-icon-component --><\/div><\/div><div class=\"wpb_column vc_column_container\"><div class=\"vc_column-inner\"><div class=\"aio-icon-component    style_1\"><div id=\"Info-box-wrap-6669\" class=\"aio-icon-box top-icon\" style=\"\"  ><div class=\"aio-icon-top\"><div class=\"ult-just-icon-wrapper  \"><div class=\"align-icon\" style=\"text-align:center;\">\n<div class=\"aio-icon circle \"  style=\"color:#ffffff;background:#f57a20;font-size:30px;display:inline-block;\">\n\t<i class=\"Defaults-wifi\"><\/i>\n<\/div><\/div><\/div><\/div><div class=\"aio-icon-header\" ><h4 class=\"aio-icon-title ult-responsive\"  data-ultimate-target='#Info-box-wrap-6669 .aio-icon-title'  data-responsive-json-new='{\"font-size\":\"\",\"line-height\":\"\"}'  style=\"\">Modalidade<\/h4><\/div> <!-- header --><div class=\"aio-icon-description ult-responsive\"  data-ultimate-target='#Info-box-wrap-6669 .aio-icon-description'  data-responsive-json-new='{\"font-size\":\"\",\"line-height\":\"\"}'  style=\"\">\n<p style=\"text-align: center;\">EAD<\/p>\n<\/div> <!-- description --><\/div> <!-- aio-icon-box --><\/div> <!-- aio-icon-component --><\/div><\/div><div class=\"wpb_column vc_column_container\"><div class=\"vc_column-inner\"><div class=\"aio-icon-component    style_1\"><div id=\"Info-box-wrap-9649\" class=\"aio-icon-box top-icon\" style=\"\"  ><div class=\"aio-icon-top\"><div class=\"ult-just-icon-wrapper  \"><div class=\"align-icon\" style=\"text-align:center;\">\n<div class=\"aio-icon circle \"  style=\"color:#ffffff;background:#f57a20;font-size:30px;display:inline-block;\">\n\t<i class=\"Defaults-user\"><\/i>\n<\/div><\/div><\/div><\/div><div class=\"aio-icon-header\" ><h4 class=\"aio-icon-title ult-responsive\"  data-ultimate-target='#Info-box-wrap-9649 .aio-icon-title'  data-responsive-json-new='{\"font-size\":\"\",\"line-height\":\"\"}'  style=\"\">Vagas<\/h4><\/div> <!-- header --><div class=\"aio-icon-description ult-responsive\"  data-ultimate-target='#Info-box-wrap-9649 .aio-icon-description'  data-responsive-json-new='{\"font-size\":\"\",\"line-height\":\"\"}'  style=\"\">\n<p style=\"text-align: center;\">30 Vagas<\/p>\n<\/div> <!-- description --><\/div> <!-- aio-icon-box --><\/div> <!-- aio-icon-component --><\/div><\/div><\/div><div class=\"w-separator size_small\"><\/div><\/div><\/div><\/div><\/div><\/section><section class=\"l-section wpb_row height_auto\" id=\"disciplinas\"><div class=\"l-section-h i-cf\"><div class=\"g-cols vc_row via_grid cols_1 laptops-cols_inherit tablets-cols_inherit mobiles-cols_1 valign_top type_default stacking_default\"><div class=\"wpb_column vc_column_container\"><div class=\"vc_column-inner\"><div class=\"g-cols wpb_row via_grid cols_1 laptops-cols_inherit tablets-cols_inherit mobiles-cols_1 valign_top type_default stacking_default\"><div class=\"wpb_column vc_column_container\"><div class=\"vc_column-inner\"><div class=\"w-separator size_huge\"><\/div><h1 class=\"w-text\" id=\"disciplinas\"><span class=\"w-text-h\"><span class=\"w-text-value\">Disciplinas<\/span><\/span><\/h1><\/div><\/div><\/div><div class=\"w-separator size_medium\"><\/div><div class=\"w-tabs style_default switch_click accordion has_scrolling\" style=\"--sections-title-size:inherit\"><div class=\"w-tabs-sections titles-align_none icon_chevron cpos_right\"><div class=\"w-tabs-section\" id=\"vea1\"><button class=\"w-tabs-section-header\" aria-controls=\"content-vea1\" aria-expanded=\"false\"><div class=\"w-tabs-section-title\">M\u00f3dulo 01: Hist\u00f3ria do Aconselhamento \u2013 HA (30 h)<\/div><div class=\"w-tabs-section-control\"><\/div><\/button><div  class=\"w-tabs-section-content\" id=\"content-vea1\"><div class=\"w-tabs-section-content-h i-cf\"><div class=\"wpb_text_column\"><div class=\"wpb_wrapper\"><p>Apresenta\u00e7\u00e3o e avalia\u00e7\u00e3o da Hist\u00f3ria do Aconselhamento B\u00edblico numa perspectiva b\u00edblico-reformada.<\/p>\n<p><strong>Rev. Maely Vilela<\/strong><\/p>\n<\/div><\/div><\/div><\/div><\/div><div class=\"w-tabs-section\" id=\"h2b1\"><button class=\"w-tabs-section-header\" aria-controls=\"content-h2b1\" aria-expanded=\"false\"><div class=\"w-tabs-section-title\">M\u00f3dulo 02: Fundamentos B\u00edblico-teol\u00f3gicos do Aconselhamento B\u00edblico &#8211; FAB (30 h)<\/div><div class=\"w-tabs-section-control\"><\/div><\/button><div  class=\"w-tabs-section-content\" id=\"content-h2b1\"><div class=\"w-tabs-section-content-h i-cf\"><div class=\"wpb_text_column\"><div class=\"wpb_wrapper\"><p>Apresenta\u00e7\u00e3o dos princ\u00edpios b\u00edblico-reformados do Aconselhamento B\u00edblico.<\/p>\n<p><strong>Rev. Alberto Filho<\/strong><\/p>\n<\/div><\/div><\/div><\/div><\/div><div class=\"w-tabs-section\" id=\"j6b4\"><button class=\"w-tabs-section-header\" aria-controls=\"content-j6b4\" aria-expanded=\"false\"><div class=\"w-tabs-section-title\">M\u00f3dulo 03: Antropologia e Aconselhamento B\u00edblico \u2013 AAB (30h)<\/div><div class=\"w-tabs-section-control\"><\/div><\/button><div  class=\"w-tabs-section-content\" id=\"content-j6b4\"><div class=\"w-tabs-section-content-h i-cf\"><div class=\"wpb_text_column\"><div class=\"wpb_wrapper\"><p>Apresenta\u00e7\u00e3o da Antropologia B\u00edblica numa perspectiva b\u00edblico-reformada com aplica\u00e7\u00e3o no Aconselhamento B\u00edblico.<\/p>\n<p><strong>Rev. Alan Ren\u00ea<\/strong><\/p>\n<\/div><\/div><\/div><\/div><\/div><div class=\"w-tabs-section\" id=\"pad6\"><button class=\"w-tabs-section-header\" aria-controls=\"content-pad6\" aria-expanded=\"false\"><div class=\"w-tabs-section-title\">M\u00f3dulo 04: Fisiologia e Aconselhamento B\u00edblico &#8211; FIAB (30 h)<\/div><div class=\"w-tabs-section-control\"><\/div><\/button><div  class=\"w-tabs-section-content\" id=\"content-pad6\"><div class=\"w-tabs-section-content-h i-cf\"><div class=\"wpb_text_column\"><div class=\"wpb_wrapper\"><p>Apresenta\u00e7\u00e3o dos conceitos de Antropologia B\u00edblica e da Fisiologia Humana, segundo a perspectiva b\u00edblico-reformada, para a compreens\u00e3o e a realiza\u00e7\u00e3o da tarefa do Aconselhamento B\u00edblico.<\/p>\n<p><strong>Rev. Alberto Filho<\/strong><br \/>\n<strong> Presb. Marcelo Burlamaqui<\/strong><\/p>\n<\/div><\/div><\/div><\/div><\/div><div class=\"w-tabs-section\" id=\"hebc\"><button class=\"w-tabs-section-header\" aria-controls=\"content-hebc\" aria-expanded=\"false\"><div class=\"w-tabs-section-title\">M\u00f3dulo 05: O Processo do Aconselhamento B\u00edblico \u2013 PAB (30h)<\/div><div class=\"w-tabs-section-control\"><\/div><\/button><div  class=\"w-tabs-section-content\" id=\"content-hebc\"><div class=\"w-tabs-section-content-h i-cf\"><div class=\"wpb_text_column\"><div class=\"wpb_wrapper\"><p>Apresenta\u00e7\u00e3o e an\u00e1lise do processo de Aconselhamento B\u00edblico. Apresenta\u00e7\u00e3o da perspectiva b\u00edblica para aconselhar em casos dif\u00edceis.<\/p>\n<p><strong>Rev. Jos\u00e9 Alex Barreto<\/strong><\/p>\n<\/div><\/div><\/div><\/div><\/div><div class=\"w-tabs-section\" id=\"c2af\"><button class=\"w-tabs-section-header\" aria-controls=\"content-c2af\" aria-expanded=\"false\"><div class=\"w-tabs-section-title\">M\u00f3dulo 06: Teorias e M\u00e9todos de Aconselhamento &#8211; TAM (30 h)<\/div><div class=\"w-tabs-section-control\"><\/div><\/button><div  class=\"w-tabs-section-content\" id=\"content-c2af\"><div class=\"w-tabs-section-content-h i-cf\"><div class=\"wpb_text_column\"><div class=\"wpb_wrapper\"><p>Estudo das Teorias e M\u00e9todos de Aconselhamento numa perspectiva b\u00edblico-reformada.<\/p>\n<p><strong>Rev. J\u00f4natas Abdias<\/strong><\/p>\n<\/div><\/div><\/div><\/div><\/div><div class=\"w-tabs-section\" id=\"o6d4\"><button class=\"w-tabs-section-header\" aria-controls=\"content-o6d4\" aria-expanded=\"false\"><div class=\"w-tabs-section-title\">M\u00f3dulo 07: Aconselhamento B\u00edblico e Apolog\u00e9tica \u2013 ABA (30 h)<\/div><div class=\"w-tabs-section-control\"><\/div><\/button><div  class=\"w-tabs-section-content\" id=\"content-o6d4\"><div class=\"w-tabs-section-content-h i-cf\"><div class=\"wpb_text_column\"><div class=\"wpb_wrapper\"><p>An\u00e1lise dos fundamentos, m\u00e9todo e benef\u00edcios da apolog\u00e9tica, com \u00eanfase na tradi\u00e7\u00e3o reformada, para a tarefa do Aconselhamento B\u00edblico.<\/p>\n<p><strong>Rev. Allen Porto<\/strong><\/p>\n<\/div><\/div><\/div><\/div><\/div><div class=\"w-tabs-section\" id=\"faf0\"><button class=\"w-tabs-section-header\" aria-controls=\"content-faf0\" aria-expanded=\"false\"><div class=\"w-tabs-section-title\">M\u00f3dulo 08: Aconselhamento em Casos Dif\u00edceis 1 \u2013 ACD 1 (30 h)<\/div><div class=\"w-tabs-section-control\"><\/div><\/button><div  class=\"w-tabs-section-content\" id=\"content-faf0\"><div class=\"w-tabs-section-content-h i-cf\"><div class=\"wpb_text_column\"><div class=\"wpb_wrapper\"><p>Apresenta\u00e7\u00e3o da perspectiva b\u00edblica para aconselhar em casos dif\u00edceis.<\/p>\n<p><strong>Rev. Jos\u00e9 Alex Barreto<\/strong><\/p>\n<\/div><\/div><\/div><\/div><\/div><div class=\"w-tabs-section\" id=\"lfa9\"><button class=\"w-tabs-section-header\" aria-controls=\"content-lfa9\" aria-expanded=\"false\"><div class=\"w-tabs-section-title\">M\u00f3dulo 09: Aconselhamento em Casos Dif\u00edceis 2 \u2013 ACD 2 (30 h)<\/div><div class=\"w-tabs-section-control\"><\/div><\/button><div  class=\"w-tabs-section-content\" id=\"content-lfa9\"><div class=\"w-tabs-section-content-h i-cf\"><div class=\"wpb_text_column\"><div class=\"wpb_wrapper\"><p><span id=\"page3R_mcid40\" class=\"markedContent\"><span dir=\"ltr\" role=\"presentation\">Apresenta\u00e7\u00e3o da perspectiva b\u00edblica para <\/span><span dir=\"ltr\" role=\"presentation\">aconselhar em casos dif\u00edceis.<\/span><\/span><strong><br \/>\n<\/strong><\/p>\n<p><strong>Rev. Al\u00e1uli Oliveira<\/strong><\/p>\n<\/div><\/div><\/div><\/div><\/div><div class=\"w-tabs-section\" id=\"x3eb\"><button class=\"w-tabs-section-header\" aria-controls=\"content-x3eb\" aria-expanded=\"false\"><div class=\"w-tabs-section-title\">M\u00f3dulo 10: Metodologia da Pesquisa Cient\u00edfica \u2013 MPC (30 h)<\/div><div class=\"w-tabs-section-control\"><\/div><\/button><div  class=\"w-tabs-section-content\" id=\"content-x3eb\"><div class=\"w-tabs-section-content-h i-cf\"><div class=\"wpb_text_column\"><div class=\"wpb_wrapper\"><p>Apresenta\u00e7\u00e3o dos m\u00e9todos de pesquisa e normas para pesquisa e produ\u00e7\u00e3o liter\u00e1ria no campo teol\u00f3gico.<\/p>\n<p><strong>Rev. Alexandre Lessa<\/strong><\/p>\n<\/div><\/div><\/div><\/div><\/div><div class=\"w-tabs-section\" id=\"r826\"><button class=\"w-tabs-section-header\" aria-controls=\"content-r826\" aria-expanded=\"false\"><div class=\"w-tabs-section-title\">Trabalho de Conclus\u00e3o de Curso \u2013 TCC (90 h)<\/div><div class=\"w-tabs-section-control\"><\/div><\/button><div  class=\"w-tabs-section-content\" id=\"content-r826\"><div class=\"w-tabs-section-content-h i-cf\"><div class=\"wpb_text_column\"><div class=\"wpb_wrapper\"><p><span id=\"page3R_mcid44\" class=\"markedContent\"><span id=\"page3R_mcid48\" class=\"markedContent\"><span dir=\"ltr\" role=\"presentation\">Confec\u00e7\u00e3o do trabalho de conclus\u00e3o de curso<\/span> <span dir=\"ltr\" role=\"presentation\">\u2013<\/span> <span dir=\"ltr\" role=\"presentation\">Artigo Acad\u00eamico ou Projeto Mission\u00e1rio.<\/span><\/span><\/span><strong><br \/>\n<\/strong><\/p>\n<\/div><\/div><\/div><\/div><\/div><\/div><\/div><\/div><\/div><\/div><\/div><\/section><section class=\"l-section wpb_row us_custom_8095fc19 height_custom\" id=\"inscricoes\"><div class=\"l-section-h i-cf\"><div class=\"g-cols vc_row via_grid cols_1 laptops-cols_inherit tablets-cols_inherit mobiles-cols_1 valign_middle type_default reversed stacking_default\"><div class=\"wpb_column vc_column_container\"><div class=\"vc_column-inner\"><div class=\"g-cols wpb_row via_grid cols_2 laptops-cols_inherit tablets-cols_inherit mobiles-cols_1 valign_middle type_default reversed stacking_default\" style=\"grid-gap:0rem;\"><div class=\"wpb_column vc_column_container us_custom_b4843623 has_bg_color\" id=\"inscricoes\"><div class=\"vc_column-inner\"><div class=\"w-btn-wrapper align_justify\"><a class=\"w-btn us-btn-style_2 us_custom_064d3121 icon_atleft\" target=\"_blank\" href=\"https:\/\/forms.gle\/ZfV4zxtV8Tw7Qrfz5\" rel=\"noopener\"><i class=\"fas fa-pen\"><\/i><span class=\"w-btn-label\">CLIQUE AQUI E FA\u00c7A SUA INSCRI\u00c7\u00c3O<\/span><\/a><\/div><div class=\"w-separator size_custom\" style=\"height:40px\"><\/div><div class=\"wpb_text_column us_custom_59aee68e\"><div class=\"wpb_wrapper\"><p>Maiores informa\u00e7\u00f5es: WhatsApp (86) 98854-7297 ou pelo e-mail: stneposgraduacao@gmail.com<\/p>\n<\/div><\/div><\/div><\/div><div class=\"wpb_column vc_column_container us_custom_045ce9ad has_bg_color\"><div class=\"vc_column-inner\"><\/div><\/div><\/div><\/div><\/div><\/div><\/div><\/section>\n","protected":false},"excerpt":{"rendered":"P\u00f3s-Gradua\u00e7\u00e3o em Teologia Pastoral &#8211; Aconselhamento &#8220;Mas, seguindo a verdade em amor, cres\u00e7amos em tudo naquele que \u00e9 a cabe\u00e7a, Cristo&#8221; Ef\u00e9sios 4:15 A P\u00f3s-gradua\u00e7\u00e3o em Teologia Pastoral &#8211; Aconselhamento se trata de curso livre, sem o reconhecimento do MEC, n\u00e3o podendo ser aproveitado para fins de gradua\u00e7\u00e3o em institui\u00e7\u00f5es reconhecidas pelo MEC. Por que...","protected":false},"author":2,"featured_media":726,"parent":0,"menu_order":0,"comment_status":"closed","ping_status":"closed","template":"","meta":{"om_disable_all_campaigns":false,"_monsterinsights_skip_tracking":false,"_monsterinsights_sitenote_active":false,"_monsterinsights_sitenote_note":"","_monsterinsights_sitenote_category":0,"footnotes":""},"class_list":["post-11","page","type-page","status-publish","has-post-thumbnail","hentry"],"_links":{"self":[{"href":"https:\/\/stne.com.br\/posaconselhamento\/wp-json\/wp\/v2\/pages\/11","targetHints":{"allow":["GET"]}}],"collection":[{"href":"https:\/\/stne.com.br\/posaconselhamento\/wp-json\/wp\/v2\/pages"}],"about":[{"href":"https:\/\/stne.com.br\/posaconselhamento\/wp-json\/wp\/v2\/types\/page"}],"author":[{"embeddable":true,"href":"https:\/\/stne.com.br\/posaconselhamento\/wp-json\/wp\/v2\/users\/2"}],"replies":[{"embeddable":true,"href":"https:\/\/stne.com.br\/posaconselhamento\/wp-json\/wp\/v2\/comments?post=11"}],"version-history":[{"count":117,"href":"https:\/\/stne.com.br\/posaconselhamento\/wp-json\/wp\/v2\/pages\/11\/revisions"}],"predecessor-version":[{"id":748,"href":"https:\/\/stne.com.br\/posaconselhamento\/wp-json\/wp\/v2\/pages\/11\/revisions\/748"}],"wp:featuredmedia":[{"embeddable":true,"href":"https:\/\/stne.com.br\/posaconselhamento\/wp-json\/wp\/v2\/media\/726"}],"wp:attachment":[{"href":"https:\/\/stne.com.br\/posaconselhamento\/wp-json\/wp\/v2\/media?parent=11"}],"curies":[{"name":"wp","href":"https:\/\/api.w.org\/{rel}","templated":true}]}}